t is the units digit of 1 - (p*3)/(-4)?
4
Let o = -326 + 153. Let m = -58 - o. What is the hundreds digit of m?
1
Let g(p) = 28*p - 261. What is the units digit of g(23)?
3
Let p = -2569 + 3718. What is the units digit of p?
9
Let t = 34 - 30. Suppose -5*w + 789 = -t*y, 0 = 4*w - 4*y - 406 - 226. What is the units digit of w?
7
Let y(s) be the third derivative of 43*s**4/24 + 3*s**3/2 + 10*s**2. Let x be y(5). Suppose 2*i - x = -2*i. What is the tens digit of i?
5
Suppose -52 = 2*f - 612. What is the hundreds digit of f?
2
Let u be (54/12)/(1/40). Suppose u = 6*g - 3*g. What is the tens digit of g?
6
Let f = -1420 + 4805. What is the hundreds digit of f?
3
What is the hundreds digit of 7*(-1)/(13/(-2717))?
4
Suppose -3*a = -6*a + 4*d + 3784, 5*a - 2*d = 6302. What is the units digit of a?
0
Suppose -733 + 2189 = 7*w. What is the tens digit of w?
0
What is the units digit of 3/24 - 6359/(-8)?
5
Suppose 0 = 23*l - 9103 - 2581. What is the units digit of l?
8
Let m(t) = t**2 + 3*t - 2. Let h(i) = 2*i + 14. Let a be h(-7). Suppose -v + a = -3. What is the tens digit of m(v)?
1
Let i = -34 + 55. Let y = -14 + i. Suppose y*b - 45 = 4*b. What is the tens digit of b?
1
Suppose -3*f = 4*a - 288, a - 320 + 32 = -3*f. What is the tens digit of f?
9
Let h(f) = -438*f - 22. What is the units digit of h(-2)?
4
Let u(o) be the first derivative of -3 + 7*o + 1/2*o**2. What is the units digit of u(-5)?
2
Let q = 10 + 14. Suppose 0 = -12*p + 11*p - q. Let r = 19 - p. What is the units digit of r?
3
Suppose 0 = s - 4*c - 19, 5*s + 0 = -5*c - 5. Suppose s*k - 12 = -3*x, -4*k - k + 8 = x. Suppose 0 = -x*a + 82 - 19. What is the tens digit of a?
2
Suppose -8*g + 1481 = -895. What is the tens digit of g?
9
Suppose 15*s - 13691 = -1316. What is the units digit of s?
5
Let g(w) = -w**2 + 29*w - 26. Let q(c) = -4*c**2 - 29*c - 2. Let r be q(-6). What is the units digit of g(r)?
2
Let u be (-3)/(24/28)*-2. Suppose 2*g = u*g + 35. Let w(j) = -j**2 - 10*j + 2. What is the tens digit of w(g)?
2
Suppose 7*t - 816 = -347. What is the tens digit of t?
6
Let u(x) = -x**2 - 1. Let d(v) = 7*v**2 + 3*v + 10. Let t(a) = -d(a) - 6*u(a). Let g be t(-3). What is the units digit of 1 + (g/(-4) - 0)?
2
Suppose 12 = -2*w - w. Let g be 10/(-5) - w*1. Suppose 2*f + g - 26 = 0. What is the units digit of f?
2
Suppose -8 = 4*z, -3*z + 52 = -5*w + z. Let m = w - -16. Suppose 5*a = 5*i + 190, -2*i + 163 + 7 = m*a. What is the units digit of a?
1
Let j = 2145 - 1336. What is the units digit of j?
9
Suppose -21*n + 14*n + 14 = 0. Suppose 390 + 82 = n*l. What is the units digit of l?
6
What is the units digit of (-8)/(-28) - 11304/(-28)?
4
Suppose -5*m - 2*m + 210 = 0. Suppose -6*y = -0*y - m. Suppose y*w + 194 - 569 = 0. What is the tens digit of w?
7
Suppose 0 = -2*o - 5*c + 29, 2*o + o = -2*c + 16. Suppose 5*m = 5*a + 125, -a - o = -3*a. What is the tens digit of m?
2
Let u = -5700 + 8257. What is the units digit of u?
7
Let m = -11 - -10. Let u be ((-220)/(-4))/m - 2. Let v = -20 - u. What is the tens digit of v?
3
Suppose 0 = -3*w + 4*y + 244, -2*w + 4*y + 170 = 5*y. What is the units digit of w?
4
Let f be (0 + -3)*(-8)/6. Suppose 0*u = f*u + 36. What is the tens digit of 4/u*-3*18?
2
Let r = 1733 - 1133. What is the tens digit of r?
0
Let b(f) = f**2 - 4*f + 28. Suppose -4*w - 2*h = 3*h - 60, -5*h + 75 = 5*w. What is the hundreds digit of b(w)?
1
Let n(l) = -6*l**3 + 5*l**2 + l - 7. What is the units digit of n(-4)?
3
What is the hundreds digit of 1913/(1*(0 - 6) - -7)?
9
Let j(m) = -m**3 + 2*m**2 + m - 1. Suppose -4*p - 5*g = p, -5*p = 3*g - 10. Let l(t) = t**2 - 4*t - 4. Let v be l(p). What is the units digit of j(v)?
1
Let o = 3 - 0. Suppose -o*y + 21 = 5*a, -5*a + 7 = 2*y - 12. Suppose -4*f + 0*v = 3*v - 21, -3*v + 15 = a*f. What is the units digit of f?
6
Suppose 0 = -2*h - h + 15. Suppose 5*w - 16 = w. Suppose -h*l + 0*l = f + 22, -14 = 2*f + w*l. What is the units digit of f?
3
Let k(f) = -f**2 + 10*f - 5. Let u be k(9). Suppose -4*r + 18 + 2 = u*p, -4*p = 5*r - 22. What is the tens digit of (41/p)/(5/15)?
4
Let i be (30/(-4))/(-3)*2 + 2. What is the tens digit of 2/i + (1550/14 - 2)?
0
Suppose -25*l = l - 40872. What is the units digit of l?
2
Suppose 23*m - 8046 + 640 = 0. What is the units digit of m?
2
What is the hundreds digit of 43929/33 - -5 - 2/11?
3
Let m(b) be the second derivative of 7*b**4/12 + b**3/6 - 24*b**2 - b - 9. What is the hundreds digit of m(-7)?
2
Suppose 0 = -5*x + 8*x - 12. Let g(f) = 17*f + 40. What is the units digit of g(x)?
8
Suppose -6*h + 48 = -2*h. Let f(n) = -h*n**2 + 9*n + 21 + 28 - n**3 - 37. What is the tens digit of f(-13)?
6
Suppose -5*y = -4*g - 554, -4*g + 3*y + 0*y - 558 = 0. Let w = g + 277. What is the units digit of w?
6
What is the units digit of 27/18 + 10086/4?
3
Let k be 75/125 - 1/((-5)/3607). Suppose -2*t - j + 451 = 0, -419 = -5*t + 2*j + k. What is the units digit of t?
7
Let c be ((-6)/(-4) - -1)*16/10. Suppose 0 = -c*t + 2 + 6. What is the units digit of t?
2
What is the units digit of 31067/5 + -10*(-11)/(-275)?
3
Suppose 48 = 3*q - 5*q. Suppose 2*o = -0*o - 108. Let v = q - o. What is the tens digit of v?
3
Let y(o) = 65*o - 8. What is the tens digit of y(5)?
1
Let n be (6/(-10))/1 + (-5148)/45. Let v = n + 248. What is the tens digit of v?
3
Let n = -186 + 301. What is the hundreds digit of n?
1
Let y(i) = i**2 - 4*i + 11. Suppose -4*q + 2*w + 30 = 5*w, 0 = 3*w - 6. What is the tens digit of y(q)?
2
Let l(f) = -7*f**2 + 2*f - 5. Let q(y) = 4*y**2 - y + 3. Let n(x) = -3*l(x) - 5*q(x). Let o be n(0). What is the tens digit of (o + 2)*(-42)/(-6)?
1
Let z be 23/3 - (-2)/6. Let r be (2*-2)/(((-40)/(-6))/10). What is the units digit of r/(-8) - (-34)/z?
5
Suppose 2*g = -g - 4*l - 312, 330 = -3*g + 2*l. Let x = -89 - g. What is the units digit of x?
9
Suppose -49 = f + 3*w, -w + 2*w = -2. Let u = 53 + f. What is the units digit of u?
0
Let u(v) = -5*v + 121. Suppose o + 0*q + 3*q + 15 = 0, 3*o - 4*q = 20. What is the tens digit of u(o)?
2
Let t(l) = l**3 + 4*l**2 - 2*l - 6. Let y be t(-4). Suppose 5*a - 684 = 3*a + 3*i, 0 = -5*a - 3*i + 1668. What is the units digit of a/15 + y/(-5)?
2
Let b(c) be the third derivative of -13*c**4/24 - 2*c**2. Let m = 32 + -34. What is the units digit of b(m)?
6
Let m(g) = g**2 - 7*g + 8. Let r be m(6). Suppose -2*i - 2*s + 32 = 0, -5*i - r*s = -0*i - 68. Let h = i + 7. What is the units digit of h?
9
Suppose 0 = -3*n + 2114 + 1267. What is the units digit of n?
7
Suppose 77*i = 76*i + 120. Let o = i + -109. What is the units digit of o?
1
Suppose 3*w = 2*w - 15. What is the tens digit of w/9 + 233/3?
7
Suppose j - s = 1484, -j = -4*s - 1030 - 454. What is the hundreds digit of j?
4
Let b(z) = -z**3 + 14*z**2 - 38*z + 3. What is the units digit of b(4)?
1
Suppose -2*i + 3*i = 341. Suppose -h - 7 = 2*m, m + 23 = 5*h + 3. Suppose 8*f = h*f - 4*v + i, -3*f - 3*v = -207. What is the units digit of f?
5
Let z(b) = 2*b**2 - 4*b + 5. Let a be (1 - 1 - 6)*5/(-10). What is the units digit of z(a)?
1
Let j = 508 - -684. Suppose -h - 7*h + j = 0. What is the units digit of h?
9
Suppose 3 = -3*a - 0*a. Let z(k) = k + 2. Let n be z(a). Let f(m) = 42*m - 1. What is the tens digit of f(n)?
4
Let i(h) = -3*h + 2*h - 2*h**2 + 3*h**2 + 1. What is the units digit of i(6)?
1
Suppose 6*y - d = y + 21, 2*d = -2. Let z(w) = -6*w - 64. Let a be z(-11). Suppose y*r - 3*u - 4 = 0, -a = -3*r - 2*u + 1. What is the units digit of r?
1
Let q be ((-32)/2)/(1/2). Let i = 103 + q. Let t = i + -44. What is the units digit of t?
7
What is the thousands digit of (-10)/(-4) + 3 + 24705/18?
1
Suppose 9*o + 86 = 7*o. Let r = o + 132. What is the tens digit of r?
8
Let v = -317 - -205. Let x be -2 - v/2 - 0. Suppose 5*t - x + 4 = 0. What is the tens digit of t?
1
Suppose -7*i + i = i. Let t(s) = 6*s + 50. What is the tens digit of t(i)?
5
Suppose 5*x = 15 - 135. Let c be (18/x)/((-6)/16). Suppose 3*s - 5 = 5*y + 23, -c*s - 2*y = -8. What is the units digit of s?
6
Let g(c) = 2*c**2 - 10*c + 8. Let r(v) = -v**3 - 6*v**2 - 2*v - 8. Let k be r(-6). Suppose -m = k*m - 35. What is the units digit of g(m)?
6
Suppose 260 = 8*n - 9356. What is the units digit of n?
2
Suppose 5*r = 10, -6*r - 307 = 3*w - 8*r. Let z = 187 + w. What is the ten